{"id":2794,"date":"2025-12-03T10:47:59","date_gmt":"2025-12-03T09:47:59","guid":{"rendered":"https:\/\/alpshop.rgf.bg.ac.rs\/?page_id=2794"},"modified":"2026-04-01T19:19:55","modified_gmt":"2026-04-01T17:19:55","slug":"ft1-central-serbia-rudnik-area","status":"publish","type":"page","link":"https:\/\/alpshop.rgf.bg.ac.rs\/?page_id=2794","title":{"rendered":"FT1 \u2013 Central Serbia (Rudnik area)"},"content":{"rendered":"\n<div class=\"wp-block-uagb-container uagb-block-ae0bc409 alignfull uagb-is-root-container\"><div class=\"uagb-container-inner-blocks-wrap\">\n<div class=\"wp-block-uagb-advanced-heading uagb-block-8a1eebc0\"><h1 class=\"uagb-heading-text\">Field Trips<\/h1><\/div>\n<\/div><\/div>\n\n\n\n<div class=\"wp-block-uagb-container uagb-block-82663714 alignfull uagb-is-root-container\"><div class=\"uagb-container-inner-blocks-wrap\">\n<div class=\"wp-block-uagb-container uagb-block-f54a091d alignfull uagb-is-root-container\"><div class=\"uagb-container-inner-blocks-wrap\">\n<div class=\"wp-block-uagb-container uagb-block-f8ec2bd3 alignfull uagb-is-root-container\"><div class=\"uagb-container-inner-blocks-wrap\">\n<div class=\"wp-block-uagb-advanced-heading uagb-block-e874992d\"><h4 class=\"uagb-heading-text\">Pre-Meeting Field Trip FT1: CENOZOIC MAGMATISM AND METALLOGENY: INSIGHTS FROM THE RUDNIK VOLCANO\u2013INTRUSIVE COMPLEX (CENTRAL SERBIA)<\/h4><\/div>\n\n\n\n<div class=\"wp-block-uagb-image aligncenter uagb-block-2d710799 wp-block-uagb-image--layout-default wp-block-uagb-image--effect-static wp-block-uagb-image--align-center\"><figure class=\"wp-block-uagb-image__figure\"><img decoding=\"async\" srcset=\"https:\/\/alpshop.rgf.bg.ac.rs\/wp-content\/uploads\/2025\/12\/FT1-3-1024x525.jpg ,https:\/\/alpshop.rgf.bg.ac.rs\/wp-content\/uploads\/2025\/12\/FT1-3.jpg 780w, https:\/\/alpshop.rgf.bg.ac.rs\/wp-content\/uploads\/2025\/12\/FT1-3.jpg 360w\" sizes=\"auto, (max-width: 480px) 150px\" src=\"https:\/\/alpshop.rgf.bg.ac.rs\/wp-content\/uploads\/2025\/12\/FT1-3-1024x525.jpg\" alt=\"\" class=\"uag-image-3034\" width=\"1024\" height=\"525\" title=\"FT1-3\" loading=\"lazy\" role=\"img\"\/><\/figure><\/div>\n\n\n\n<div class=\"wp-block-columns is-layout-flex wp-container-core-columns-is-layout-28f84493 wp-block-columns-is-layout-flex\">\n<div class=\"wp-block-column is-layout-flow wp-block-column-is-layout-flow\">\n<div class=\"wp-block-uagb-advanced-heading uagb-block-9bfac5c5\"><h2 class=\"uagb-heading-text\">Field Trip Details<\/h2><\/div>\n\n\n\n<p><strong>Contact person:<\/strong><br>Stefan Petrovi\u0107 (<a href=\"mailto:stefan.petrovic@rgf.bg.ac.rs\">stefan.petrovic@rgf.bg.ac.rs<\/a>)<\/p>\n\n\n\n<p><strong>Leaders:<\/strong><br>Stefan Petrovi\u0107, Milo\u0161 Veloji\u0107, Vladica Cvetkovi\u0107<\/p>\n\n\n\n<p><strong>Duration\/Date:<\/strong><br>2 days<br>15 September (09:00) &#8211; 16 September 2026<\/p>\n\n\n\n<p><strong>Departure \/ final point:<\/strong><br>Belgrade &#8211; Bora\u010d &#8211;&nbsp;G. Milanovac&nbsp;&#8211; Rudnik &#8211; Vrdnik<\/p>\n\n\n\n<p><strong>Price:<\/strong><br>220 -240 \u20ac (double room)<\/p>\n\n\n\n<p><strong><strong>Deadline:<\/strong> <\/strong>30 May 2026<\/p>\n\n\n\n<p><strong>Participants:<\/strong><br>Minimum 12, maximum 16<\/p>\n\n\n\n<figure class=\"wp-block-image size-full\"><img loading=\"lazy\" decoding=\"async\" width=\"400\" height=\"300\" src=\"https:\/\/alpshop.rgf.bg.ac.rs\/wp-content\/uploads\/2025\/12\/FT1-1-1.jpg\" alt=\"\" class=\"wp-image-3035\" srcset=\"https:\/\/alpshop.rgf.bg.ac.rs\/wp-content\/uploads\/2025\/12\/FT1-1-1.jpg 400w, https:\/\/alpshop.rgf.bg.ac.rs\/wp-content\/uploads\/2025\/12\/FT1-1-1-300x225.jpg 300w\" sizes=\"auto, (max-width: 400px) 100vw, 400px\" \/><\/figure>\n<\/div>\n\n\n\n<div class=\"wp-block-column is-layout-flow wp-block-column-is-layout-flow\">\n<div class=\"wp-block-uagb-advanced-heading uagb-block-48076506\"><h2 class=\"uagb-heading-text\">Description<\/h2><\/div>\n\n\n\n<p>This field excursion provides a comprehensive geological overview of central Serbia, with a focus on the Rudnik volcano\u2013intrusive complex within the Serbo-Macedonian metallogenic province. The region offers an excellent example of the interplay between Tertiary magmatism, tectonics, and ore formation.<\/p>\n\n\n\n<p>The Serbo-Macedonian metallogenic province developed along the central axis of the Balkan Peninsula following the closure of the Tethys Ocean, within the framework of the Alpine\u2013Himalayan orogenic system. Magmatic activity during the Oligocene and Miocene (~33\u201320 Ma) exhibits a wide compositional spectrum, ranging from basalts to rhyolites and from tholeiitic to alkaline series. This magmatism is closely associated with hydrothermal ore systems enriched in Pb, Zn, Sb, Bi, Ag, As, Cu, and Au.<br>The Rudnik complex exemplifies the evolution of magmatic activity through two main phases. The Oligocene phase (~30 Ma) is characterized by extrusive and shallow intrusive dacitic and andesitic rocks, whereas the Miocene phase (~23 Ma) produced a diverse suite of volcano igneous and intrusive quartz-latite facies.<\/p>\n\n\n\n<p>During the excursion, participants will visit several outcrops illustrating volcanic flows, shallow quartz-latite intrusions (dykes and sills), and a well-preserved volcano\u2013sedimentary diatreme. These features provide valuable insight into the structural controls on magmatic emplacement and their relationship to hydrothermal ore formation.<\/p>\n<\/div>\n<\/div>\n\n\n\n<p><\/p>\n<\/div><\/div>\n<\/div><\/div>\n<\/div><\/div>\n","protected":false},"excerpt":{"rendered":"<p>Field Trips Pre-Meeting Field Trip FT1: CENOZOIC MAGMATISM AND METALLOGENY: INSIGHTS FROM THE RUDNIK VOLCANO\u2013INTRUSIVE COMPLEX (CENTRAL SERBIA) Field Trip Details Contact person:Stefan Petrovi\u0107 (stefan.petrovic@rgf.bg.ac.rs) Leaders:Stefan Petrovi\u0107, Milo\u0161 Veloji\u0107, Vladica Cvetkovi\u0107 Duration\/Date:2 days15 September (09:00) &#8211; 16 September 2026 Departure \/ final point:Belgrade &#8211; Bora\u010d &#8211;&nbsp;G. Milanovac&nbsp;&#8211; Rudnik &#8211; Vrdnik Price:220 -240 \u20ac (double room) [&hellip;]<\/p>\n","protected":false},"author":1,"featured_media":0,"parent":2791,"menu_order":0,"comment_status":"closed","ping_status":"closed","template":"","meta":{"_uag_custom_page_level_css":"","site-sidebar-layout":"no-sidebar","site-content-layout":"page-builder","ast-site-content-layout":"full-width-container","site-content-style":"unboxed","site-sidebar-style":"unboxed","ast-global-header-display":"","ast-banner-title-visibility":"","ast-main-header-display":"","ast-hfb-above-header-display":"","ast-hfb-below-header-display":"","ast-hfb-mobile-header-display":"","site-post-title":"disabled","ast-breadcrumbs-content":"","ast-featured-img":"disabled","footer-sml-layout":"","ast-disable-related-posts":"","theme-transparent-header-meta":"enabled","adv-header-id-meta":"","stick-header-meta":"","header-above-stick-meta":"","header-main-stick-meta":"","header-below-stick-meta":"","astra-migrate-meta-layouts":"set","ast-page-background-enabled":"default","ast-page-background-meta":{"desktop":{"background-color":"var(--ast-global-color-4)","background-image":"","background-repeat":"repeat","background-position":"center center","background-size":"auto","background-attachment":"scroll","background-type":"","background-media":"","overlay-type":"","overlay-color":"","overlay-opacity":"","overlay-gradient":""},"tablet":{"background-color":"","background-image":"","background-repeat":"repeat","background-position":"center center","background-size":"auto","background-attachment":"scroll","background-type":"","background-media":"","overlay-type":"","overlay-color":"","overlay-opacity":"","overlay-gradient":""},"mobile":{"background-color":"","background-image":"","background-repeat":"repeat","background-position":"center center","background-size":"auto","background-attachment":"scroll","background-type":"","background-media":"","overlay-type":"","overlay-color":"","overlay-opacity":"","overlay-gradient":""}},"ast-content-background-meta":{"desktop":{"background-color":"var(--ast-global-color-5)","background-image":"","background-repeat":"repeat","background-position":"center center","background-size":"auto","background-attachment":"scroll","background-type":"","background-media":"","overlay-type":"","overlay-color":"","overlay-opacity":"","overlay-gradient":""},"tablet":{"background-color":"var(--ast-global-color-5)","background-image":"","background-repeat":"repeat","background-position":"center center","background-size":"auto","background-attachment":"scroll","background-type":"","background-media":"","overlay-type":"","overlay-color":"","overlay-opacity":"","overlay-gradient":""},"mobile":{"background-color":"var(--ast-global-color-5)","background-image":"","background-repeat":"repeat","background-position":"center center","background-size":"auto","background-attachment":"scroll","background-type":"","background-media":"","overlay-type":"","overlay-color":"","overlay-opacity":"","overlay-gradient":""}},"footnotes":""},"class_list":["post-2794","page","type-page","status-publish","hentry"],"uagb_featured_image_src":{"full":false,"thumbnail":false,"medium":false,"medium_large":false,"large":false,"1536x1536":false,"2048x2048":false},"uagb_author_info":{"display_name":"alp_admin","author_link":"https:\/\/alpshop.rgf.bg.ac.rs\/?author=1"},"uagb_comment_info":0,"uagb_excerpt":"Field Trips Pre-Meeting Field Trip FT1: CENOZOIC MAGMATISM AND METALLOGENY: INSIGHTS FROM THE RUDNIK VOLCANO\u2013INTRUSIVE COMPLEX (CENTRAL SERBIA) Field Trip Details Contact person:Stefan Petrovi\u0107 (stefan.petrovic@rgf.bg.ac.rs) Leaders:Stefan Petrovi\u0107, Milo\u0161 Veloji\u0107, Vladica Cvetkovi\u0107 Duration\/Date:2 days15 September (09:00) &#8211; 16 September 2026 Departure \/ final point:Belgrade &#8211; Bora\u010d &#8211;&nbsp;G. Milanovac&nbsp;&#8211; Rudnik &#8211; Vrdnik Price:220 -240 \u20ac (double room)&hellip;","_links":{"self":[{"href":"https:\/\/alpshop.rgf.bg.ac.rs\/index.php?rest_route=\/wp\/v2\/pages\/2794","targetHints":{"allow":["GET"]}}],"collection":[{"href":"https:\/\/alpshop.rgf.bg.ac.rs\/index.php?rest_route=\/wp\/v2\/pages"}],"about":[{"href":"https:\/\/alpshop.rgf.bg.ac.rs\/index.php?rest_route=\/wp\/v2\/types\/page"}],"author":[{"embeddable":true,"href":"https:\/\/alpshop.rgf.bg.ac.rs\/index.php?rest_route=\/wp\/v2\/users\/1"}],"replies":[{"embeddable":true,"href":"https:\/\/alpshop.rgf.bg.ac.rs\/index.php?rest_route=%2Fwp%2Fv2%2Fcomments&post=2794"}],"version-history":[{"count":11,"href":"https:\/\/alpshop.rgf.bg.ac.rs\/index.php?rest_route=\/wp\/v2\/pages\/2794\/revisions"}],"predecessor-version":[{"id":3242,"href":"https:\/\/alpshop.rgf.bg.ac.rs\/index.php?rest_route=\/wp\/v2\/pages\/2794\/revisions\/3242"}],"up":[{"embeddable":true,"href":"https:\/\/alpshop.rgf.bg.ac.rs\/index.php?rest_route=\/wp\/v2\/pages\/2791"}],"wp:attachment":[{"href":"https:\/\/alpshop.rgf.bg.ac.rs\/index.php?rest_route=%2Fwp%2Fv2%2Fmedia&parent=2794"}],"curies":[{"name":"wp","href":"https:\/\/api.w.org\/{rel}","templated":true}]}}